?
True
Is 2192929547 a composite number?
False
Is 4147545183 composite?
True
Is 4764315613 prime?
False
Is 16290343 composite?
True
Is 198994343 prime?
True
Is 2299073683 composite?
False
Is 11858298131 a prime number?
True
Is 1305152897 prime?
True
Is 176307227 prime?
True
Is 10094929591 prime?
True
Is 94997767 composite?
False
Is 2204405887 a composite number?
False
Is 55089469141 prime?
False
Is 5411174933 a prime number?
False
Is 827016787 a composite number?
False
Is 120477943 a composite number?
True
Is 2453122565 a composite number?
True
Is 192696997 a prime number?
True
Is 2388342829 a prime number?
True
Is 23576812547 prime?
True
Is 2643536237 a prime number?
True
Is 4942687121 a prime number?
True
Is 1436826763 prime?
True
Is 995319031 a prime number?
False
Is 158586550519 prime?
False
Is 48444374681 prime?
True
Is 9222189803 prime?
True
Is 1443436171 a prime number?
True
Is 42417713413 prime?
True
Is 3344089549 a prime number?
False
Is 59012751205 a composite number?
True
Is 97008985033 prime?
False
Is 1288036333 a composite number?
False
Is 316997959 a prime number?
True
Is 29054705059 a prime number?
True
Is 106215764181 composite?
True
Is 563832271 a prime number?
True
Is 12382916287 a composite number?
True
Is 173957057 a composite number?
False
Is 525278197 a composite number?
True
Is 145173746581 composite?
False
Is 16314948539 composite?
True
Is 60918251431 composite?
False
Is 32012356661 a prime number?
True
Is 82021767823 a composite number?
True
Is 7718049029 a composite number?
False
Is 6416415293 composite?
True
Is 9980472049 composite?
False
Is 144195932329 a prime number?
True
Is 380298533 a composite number?
False
Is 211252503727 a prime number?
True
Is 896492887481 composite?
False
Is 16204003201 a composite number?
False
Is 3466933 prime?
True
Is 7580495593 composite?
True
Is 3214726637 a prime number?
True
Is 10486261117 a composite number?
False
Is 521891717 a composite number?
True
Is 636932347 a composite number?
False
Is 214055663 composite?
True
Is 107988373651 a prime number?
False
Is 10276707899 a prime number?
True
Is 10534166879 a prime number?
True
Is 10954262381 prime?
False
Is 3991087183 a composite number?
True
Is 913270289 prime?
True
Is 74883481379 composite?
True
Is 92619525259 a composite number?
True
Is 3545981639 a prime number?
True
Is 1866510419 a composite number?
False
Is 16001587499 prime?
True
Is 1996238051 prime?
False
Is 191306603 prime?
True
Is 6689126303 a prime number?
True
Is 9961534207 a composite number?
True
Is 6937401937 a composite number?
False
Is 60567131431 a composite number?
False
Is 538629811 prime?
False
Is 404593417 a composite number?
False
Is 1836552329 composite?
False
Is 41298148379 a composite number?
True
Is 2158738259 a prime number?
False
Is 12715901707 prime?
False
Is 406029989 composite?
True
Is 54617456591 a composite number?
False
Is 84929993 composite?
False
Is 30168937093 a prime number?
False
Is 5901031493 prime?
False
Is 473865863 a composite number?
False
Is 8343544637 a composite number?
False
Is 39487897253 prime?
False
Is 27501637679 prime?
True
Is 799604801 composite?
False
Is 90540157 prime?
True
Is 190308816277 prime?
False
Is 1149822161 composite?
True
Is 42979912063 a composite number?
True
Is 94165469 composite?
False
Is 360077317 a prime number?
True
Is 1342646906 a prime number?
False
Is 27102048061 a composite number?
True
Is 38458213 composite?
True
Is 20461185445 a prime number?
False
Is 17619007361 prime?
True
Is 30219979567 composite?
True
Is 3429315347 a composite number?
False
Is 1960708049 a composite number?
True
Is 734201537 a composite number?
False
Is 44719853 composite?
False
Is 3866972807 a composite number?
False
Is 66507609073 composite?
False
Is 1464907613 prime?
False
Is 91921767649 prime?
False
Is 9421495085 composite?
True
Is 5559290827 prime?
True
Is 243830267 composite?
False
Is 15989262953 prime?
True
Is 709254719 a composite number?
False
Is 1580681653 composite?
False
Is 3825452339 a prime number?
True
Is 847440281 a prime number?
False
Is 4405102553 prime?
True
Is 1019738479 prime?
False
Is 14209227763 prime?
False
Is 7491216373 a composite number?
True
Is 226636387753 a composite number?
False
Is 5012963869 a prime number?
True
Is 2515291381 a composite number?
True
Is 1326446831 composite?
True
Is 65208343 composite?
False
Is 17193093937 a composite number?
False
Is 333970471 composite?
True
Is 904830519 a prime number?
False
Is 2920946813 composite?
False
Is 48601093105 prime?
False
Is 379335661 a prime number?
False
Is 148163527 composite?
False
Is 19457662361 a composite number?
True
Is 25655002418 a prime number?
False
Is 4246649419 a composite number?
True
Is 389843269 a prime number?
False
Is 449727247 composite?
False
Is 78678143 a composite number?
False
Is 6802830043 a prime number?
True
Is 369759805 prime?
False
Is 148561541 a composite number?
True
Is 45823226549 prime?
False
Is 5815974979 a composite number?
False
Is 62940096503 prime?
True
Is 2354479189 a composite number?
False
Is 18106328267 composite?
False
Is 758906261 a prime number?
True
Is 9690682583 a composite number?
False
Is 102006029 composite?
True
Is 10136433873 composite?
True
Is 6696329881 a composite number?
True
Is 3965636641 composite?
True
Is 642582221 a prime number?
True
Is 6454207427 a composite number?
False
Is 1984592993 a composite number?
True
Is 7618001857 prime?
False
Is 6942979891 a prime number?
False
Is 86738740939 prime?
True
Is 2596289221 a composite number?
True
Is 1284632779 prime?
False
Is 4382547431 composite?
False
Is 396445873 composite?
False
Is 12090577751 prime?
False
Is 32295794543 composite?
True
Is 6768704447 a composite number?
False
Is 21702998113 prime?
False
Is 336391399 prime?
False
Is 969296513 prime?
True
Is 13447628249 a prime number?
False
Is 225193921 a prime number?
True
Is 22429901453 composite?
False
Is 30554925229 a composite number?
False
Is 19837678967 a composite number?
False
Is 1557042269 prime?
False
Is 235226291 a prime number?
True
Is 136165369 a composite number?
False
Is 606904087 composite?
False
Is 705941557 prime?
True
Is 2059445117 a prime number?
True
Is 18403943461 a composite number?
False
Is 43718080727 prime?
False
Is 3862783759 composite?
True
Is 181707872501 a prime number?
True
Is 1879765207 a prime number?
True
Is 7959736369 a composite number?
True
Is 3893811139 a composite number?
False
Is 2030003923 prime?
False
Is 180059952279 a prime number?
False
Is 255704072513 prime?
True
Is 66442803107 a prime number?
True
Is 18536337389 composite?
False
Is 83396650489 a prime number?
True
Is 13514314859 prime?
True
Is 1244479505 a prime number?
False
Is 38478472711 a prime number?
False
Is 490425239 a composite number?
True
Is 2512073533 a prime number?
True
Is 271324379 prime?
True
Is 1129829219 a composite number?
True
Is 270617785 a composite number?
True
Is 10943101291 a composite number?
True
Is 795307105 prime?
False
Is 4765232029 a prime number?
True
Is 8787264401 prime?
True
Is 58467048483 composite?
True
Is 8723644177 prime?
False
Is 468349963 a composite number?
False
Is 286241939 prime?
False
Is 58371653 a prime number?
False
Is 376009631 composite?
False
Is 2150242387 a composite number?
True
Is 5903536687 a composite number?
False
Is 148974481 composite?
True
Is 1213955963 a prime number?
False
Is 270348808739 prime?
True
Is 5624489779 a composite number?
False
Is 2621811161 composite?
True
Is 319070347 prime?
False
Is 119950767809 a prime number?
True
Is 166404151 composite?
False
Is 80986559929 composite?
True
Is 4887264647 a composite number?
False
Is 5225565001 composite?
False
Is 7127537927 composite?
False
Is 3753859123 a prime number?
False
Is 2097364291 prime?
False
Is 1272797209 a composite number?
True
Is 4726013587 prime?
False
Is 7889767297 a composite number?
False
Is 1028107211 prime?
True
Is 5557437901 a composite number?
False
Is 77067123943 a composite number?
False
Is 463106617 a prime number?
True
Is 108346657 a prime number?
True
Is 5327942767 a composite number?
True
Is 4123520257 a prime number?
False
Is 14163485771 composite?
True
Is 34276562311 a prime number?
True
Is 2995954382 a composite number?
True
Is 152024394461 a prime number?
Fal